What is the hundreds digit of 12453?
4
What is the thousands digit of 9650?
9
What is the tens digit of 12426?
2
What is the hundreds digit of 83410?
4
What is the ten thousands digit of 10778?
1
What is the tens digit of 28312?
1
What is the tens digit of 77128?
2
What is the units digit of 9615?
5
What is the tens digit of 6630?
3
What is the ten thousands digit of 60948?
6
What is the ten thousands digit of 16813?
1
What is the ten thousands digit of 10508?
1
What is the tens digit of 60961?
6
What is the units digit of 18278?
8
What is the units digit of 77546?
6
What is the hundreds digit of 454?
4
What is the hundreds digit of 14286?
2
What is the thousands digit of 118993?
8
What is the ten thousands digit of 19596?
1
What is the thousands digit of 25746?
5
What is the hundreds digit of 4679?
6
What is the hundreds digit of 19784?
7
What is the thousands digit of 3248?
3
What is the thousands digit of 3144?
3
What is the units digit of 581?
1
What is the thousands digit of 9020?
9
What is the units digit of 418?
8
What is the tens digit of 3953?
5
What is the tens digit of 5392?
9
What is the hundreds digit of 541?
5
What is the thousands digit of 41391?
1
What is the hundreds digit of 51732?
7
What is the units digit of 139164?
4
What is the units digit of 47635?
5
What is the units digit of 22620?
0
What is the units digit of 14875?
5
What is the ten thousands digit of 68844?
6
What is the hundreds digit of 2951?
9
What is the tens digit of 87132?
3
What is the tens digit of 2560?
6
What is the hundreds digit of 9417?
4
What is the hundreds digit of 4329?
3
What is the thousands digit of 3319?
3
What is the thousands digit of 1971?
1
What is the hundreds digit of 53831?
8
What is the units digit of 55943?
3
What is the ten thousands digit of 18567?
1
What is the thousands digit of 11221?
1
What is the hundreds digit of 41371?
3
What is the units digit of 428?
8
What is the thousands digit of 6420?
6
What is the ten thousands digit of 110307?
1
What is the hundreds digit of 44627?
6
What is the hundreds digit of 18153?
1
What is the units digit of 24397?
7
What is the hundreds digit of 39559?
5
What is the ten thousands digit of 42030?
4
What is the units digit of 138210?
0
What is the units digit of 44715?
5
What is the units digit of 9875?
5
What is the tens digit of 463?
6
What is the tens digit of 2138?
3
What is the tens digit of 826?
2
What is the hundreds digit of 5463?
4
What is the thousands digit of 22255?
2
What is the units digit of 1164?
4
What is the units digit of 1628?
8
What is the hundreds digit of 10950?
9
What is the ten thousands digit of 14040?
1
What is the hundreds digit of 1782?
7
What is the units digit of 865?
5
What is the hundreds digit of 32448?
4
What is the tens digit of 859?
5
What is the hundreds digit of 42612?
6
What is the tens digit of 3778?
7
What is the ten thousands digit of 14167?
1
What is the hundreds digit of 224?
2
What is the tens digit of 4579?
7
What is the hundreds digit of 91723?
7
What is the hundreds digit of 2945?
9
What is the ten thousands digit of 58399?
5
What is the units digit of 1353?
3
What is the thousands digit of 24434?
4
What is the thousands digit of 1044?
1
What is the ten thousands digit of 66578?
6
What is the hundreds digit of 2154?
1
What is the units digit of 72453?
3
What is the units digit of 253?
3
What is the hundreds digit of 1278?
2
What is the thousands digit of 33765?
3
What is the units digit of 2317?
7
What is the thousands digit of 41452?
1
What is the tens digit of 10010?
1
What is the tens digit of 12852?
5
What is the units digit of 879?
9
What is the hundreds digit of 369?
3
What is the hundred thousands digit of 105421?
1
What is the units digit of 1616?
6
What is the tens digit of 71864?
6
What is the units digit of 1034?
4
What is the thousands digit of 2177?
2
What is the thousands digit of 4821?
4
What is the units digit of 141950?
0
What is the hundreds digit of 1720?
7
What is the thousands digit of 20844?
0
What is the tens digit of 242?
4
What is the thousands digit of 34850?
4
What is the tens digit of 5906?
0
What is the thousands digit of 3611?
3
What is the tens digit of 5782?
8
What is the tens digit of 3472?
7
What is the units digit of 162?
2
What is the hundreds digit of 1683?
6
What is the tens digit of 1575?
7
What is the hundreds digit of 3361?
3
What is the thousands digit of 1628?
1
What is the hundreds digit of 4802?
8
What is the ten thousands digit of 18075?
1
What is the units digit of 2103?
3
What is the tens digit of 1156?
5
What is the tens digit of 4965?
6
What is the thousands digit of 24306?
4
What is the ten thousands digit of 17392?
1
What is the units digit of 3?
3
What is the units digit of 60215?
5
What is the hundreds digit of 1057?
0
What is the hundreds digit of 5739?
7
What is the units digit of 1330?
0
What is the ten thousands digit of 52752?
5
What is the tens digit of 38106?
0
What is the hundreds digit of 7475?
4
What is the units digit of 911?
1
What is the hundreds digit of 25548?
5
What is the hundreds digit of 635?
6
What is the hundreds digit of 2893?
8
What is the hundreds digit of 5124?
1
What is the thousands digit of 37685?
7
What is the hundreds digit of 699?
6
What is the units digit of 191?
1
What is the units digit of 14?
4
What is the hundreds digit of 9455?
4
What is the ten thousands digit of 44419?
4
What is the ten thousands digit of 33561?
3
What is the tens digit of 1084?
8
What is the units digit of 5831?
1
What is the ten thousands digit of 51017?
5
What is the units digit of 24313?
3
What is the units digit of 4096?
6
What is the hundreds digit of 196?
1
What is the tens digit of 3615?
1
What is the hundreds digit of 8096?
0
What is the hundreds digit of 5132?
1
What is the hundreds digit of 32656?
6
What is the hundreds digit of 182?
1
What is the hundreds digit of 875?
8
What is the tens digit of 40718?
1
What is the hundreds digit of 3595?
5
What is the hundreds digit of 17839?
8
What is the hundreds digit of 5105?
1
What is the units digit of 50050?
0
What is the hundred thousands digit of 118396?
1
What is the hundreds digit of 174156?
1
What is the thousands digit of 3911?
3
What is the units digit of 78?
8
What is the hundreds digit of 5905?
9
What is the units digit of 39334?
4
What is the hundreds digit of 46297?
2
What is the thousands digit of 4716?
4
What is the thousands digit of 1473?
1
What is the thousands digit of 16424?
6
What is the thousands digit of 73978?
3
What is the units digit of 10111?
1
What is the units digit of 652?
2
What is the thousands digit of 23744?
3
What is the units digit of 5824?
4
What is the thousands digit of 64459?
4
What is the hundreds digit of 2437?
4
What is the units digit of 3355?
5
What is the units digit of 3009?
9
What is the ten thousands digit of 53968?
5
What is the hundreds digit of 1848?
8
What is the tens digit of 2889?
8
What is the units digit of 28080?
0
What is the thousands digit of 1345?
1
What is the units digit of 23181?
1
What is the thousands digit of 23349?
3
What is the thousands digit of 9956?
9
What is the hundreds digit of 28314?
3
What is the units digit of 22390?
0
What is the tens digit of 846?
4
What is the thousands digit of 89868?
9
What is the hundreds digit of 34647?
6
What is the units digit of 557?
7
What is the hundreds digit of 193?
1
What is the thousands digit of 1636?
1
What is the tens digit of 39032?
3
What is the units digit of 3178?
8
What is the tens digit of 46102?
0
What is the tens digit of 9797?
9
What is the tens digit of 1546?
4
What is the thousands digit of 49802?
9
What is the tens digit of 47403?
0
What is the thousands digit of 1126?
1
What is the hundreds digit of 26134?
1
What is the thousands digit of 5704?
5
What is the hundreds digit of 11201?
2
What is the units digit of 22317?
7
What is the thousands digit of 6219?
6
What is the thousands digit of 6019?
6
What is the units digit of 4555?
5
What is the tens digit of 10323?
2
What is the hundreds digit of 13912?
9
What is the units digit of 310?
0
What is the tens digit of 11604?
0
What is the tens digit of 15950?
5
What is the ten thousands digit of 90214?
9
What is the tens digit of 25610?
1
What is the ten thousands